 the greatest common factor of 2269182 and 786?
786
What is the highest common divisor of 8068 and 12?
4
Calculate the highest common divisor of 2475 and 3498.
33
Calculate the greatest common factor of 112518 and 18487.
133
What is the highest common factor of 1779196 and 856?
428
What is the greatest common factor of 88074 and 233?
233
Calculate the greatest common divisor of 2275 and 325.
325
What is the highest common divisor of 202174 and 98?
98
What is the highest common divisor of 21597 and 4163?
23
What is the highest common factor of 4 and 28708?
4
What is the greatest common divisor of 5307 and 12267?
87
What is the greatest common divisor of 11764 and 7276?
68
Calculate the greatest common factor of 143 and 4455.
11
What is the greatest common divisor of 1988608 and 2913?
971
What is the highest common divisor of 6837 and 24?
3
What is the greatest common factor of 2727 and 3537?
27
Calculate the greatest common divisor of 147 and 3.
3
Calculate the greatest common divisor of 208 and 3392.
16
Calculate the greatest common divisor of 33235 and 255.
85
Calculate the greatest common divisor of 1156 and 768.
4
What is the greatest common factor of 200817 and 1908?
477
Calculate the highest common divisor of 15326 and 553.
79
What is the greatest common factor of 186175 and 550?
275
What is the highest common divisor of 960776 and 56?
8
Calculate the greatest common divisor of 1364 and 47399.
341
Calculate the highest common factor of 315 and 6595785.
315
Calculate the greatest common divisor of 11576 and 34.
2
Calculate the greatest common factor of 113 and 270070.
113
What is the greatest common divisor of 145 and 816785?
145
What is the greatest common divisor of 131813 and 782?
23
What is the highest common factor of 8 and 78320?
8
What is the greatest common factor of 1800 and 1110?
30
What is the greatest common divisor of 297 and 1519650?
99
Calculate the greatest common divisor of 925 and 7750.
25
Calculate the highest common divisor of 37043 and 17.
17
What is the greatest common factor of 22841 and 56224?
1757
What is the greatest common divisor of 585 and 38655?
45
Calculate the highest common divisor of 760 and 9652.
76
Calculate the highest common factor of 126 and 6874.
14
Calculate the highest common factor of 17545 and 58.
29
What is the greatest common divisor of 7904 and 231296?
416
What is the highest common factor of 16464 and 299040?
336
Calculate the highest common factor of 740 and 3580.
20
Calculate the greatest common divisor of 95776 and 8938.
82
What is the greatest common factor of 49302 and 1056?
66
Calculate the greatest common divisor of 38296 and 24.
8
Calculate the greatest common factor of 3 and 106749.
3
Calculate the highest common factor of 227 and 1748581.
227
Calculate the greatest common factor of 17631 and 40486.
653
What is the greatest common divisor of 2059 and 116?
29
What is the greatest common divisor of 19823 and 387?
43
Calculate the highest common factor of 472252 and 44.
44
Calculate the highest common divisor of 211810 and 18.
2
Calculate the highest common divisor of 9913582 and 56.
14
What is the greatest common factor of 486 and 341154?
18
What is the greatest common factor of 1456 and 9646?
182
Calculate the greatest common factor of 5194 and 1007.
53
Calculate the greatest common factor of 18 and 31941.
9
What is the highest common factor of 96501 and 1938?
57
What is the highest common factor of 2475 and 2500?
25
Calculate the greatest common factor of 2138445 and 135.
45
Calculate the highest common factor of 452 and 488.
4
Calculate the highest common divisor of 78 and 3851653.
13
Calculate the highest common divisor of 2109217 and 44.
11
Calculate the highest common divisor of 20 and 914140.
20
Calculate the greatest common divisor of 316 and 2810820.
316
What is the greatest common factor of 43 and 24209?
43
What is the highest common divisor of 24929 and 1285?
257
What is the highest common factor of 192 and 27288?
24
What is the greatest common factor of 15151 and 2725?
109
Calculate the highest common factor of 59422 and 296.
74
What is the greatest common factor of 110688 and 960?
96
What is the greatest common divisor of 25466 and 476?
238
What is the highest common factor of 1171484 and 319?
29
Calculate the highest common divisor of 33 and 74217.
33
Calculate the highest common divisor of 784 and 28322.
98
What is the highest common factor of 4814 and 6806?
166
Calculate the highest common factor of 97 and 2841809.
97
Calculate the highest common factor of 308 and 3476.
44
Calculate the highest common divisor of 574 and 82164.
82
What is the greatest common factor of 204 and 51340?
68
Calculate the highest common factor of 3886 and 4.
2
Calculate the greatest common divisor of 40610 and 53010.
310
Calculate the highest common divisor of 150 and 1795650.
150
Calculate the greatest common factor of 8127158 and 26.
26
Calculate the highest common factor of 469 and 122878.
469
Calculate the greatest common factor of 1755 and 1625.
65
Calculate the highest common factor of 23033 and 124.
31
Calculate the greatest common factor of 20 and 1580.
20
What is the greatest common factor of 14 and 1551494?
14
Calculate the highest common divisor of 114 and 636177.
57
What is the highest common factor of 41408 and 6080?
64
Calculate the highest common factor of 11392 and 285512.
712
What is the highest common factor of 50154 and 4836?
78
What is the highest common factor of 89790 and 73?
73
Calculate the greatest common divisor of 42184 and 40.
8
What is the greatest common factor of 1444 and 22344?
76
Calculate the greatest common divisor of 235 and 18635.
5
Calculate the greatest common factor of 54021 and 99.
33
Calculate the greatest common divisor of 2080779 and 58.
29
Calculate the highest common divisor of 201900 and 200.
100
Calculate the highest common divisor of 51380 and 22387.
367
What is the greatest common factor of 570 and 10190?
10
What is the highest common factor of 385 and 87395?
385
What is the highest common factor of 21 and 29217?
3
What is the greatest common factor of 176 and 3443?
11
Calculate the highest common factor of 1260 and 912555.
315
Calculate the highest common factor of 1484074 and 4.
2
What is the greatest common factor of 28 and 6432734?
14
Calculate the highest common factor of 1776 and 33633.
111
Calculate the greatest common divisor of 30 and 32865.
15
Calculate the highest common divisor of 755 and 610.
5
Calculate the highest common divisor of 9630 and 1890.
90
Calculate the greatest common factor of 72897 and 726.
33
Calculate the greatest common factor of 7264 and 20448.
32
What is the greatest common divisor of 169760 and 480?
160
What is the highest common factor of 2145 and 1551?
33
Calculate the highest common divisor of 209829 and 69.
69
What is the greatest common divisor of 5290 and 460?
230
Calculate the highest common divisor of 73320 and 342630.
1410
Calculate the highest common factor of 1412 and 671053.
353
What is the highest common divisor of 576 and 15858?
18
Calculate the highest common divisor of 2444 and 223344.
188
What is the highest common factor of 1594 and 230?
2
What is the greatest common factor of 158 and 1094229?
79
What is the greatest common divisor of 1520 and 1216?
304
Calculate the greatest common divisor of 3628596 and 60.
12
Calculate the greatest common divisor of 68289 and 767.
13
What is the greatest common factor of 543708 and 36?
36
Calculate the highest common divisor of 12284 and 2656.
332
Calculate the highest common factor of 5454 and 21917.
101
Calculate the highest common factor of 363 and 3333.
33
Calculate the highest common divisor of 455 and 15960.
35
What is the greatest common divisor of 352 and 11168?
32
Calculate the greatest common divisor of 51552 and 27.
9
Calculate the greatest common divisor of 205 and 249649.
41
Calculate the highest common factor of 9185 and 594.
11
Calculate the highest common divisor of 8316 and 1001.
77
Calculate the highest common factor of 14973 and 24087.
651
Calculate the highest common divisor of 5254 and 1065.
71
What is the greatest common factor of 125 and 11455?
5
What is the highest common factor of 1509288 and 264?
264
Calculate the greatest com